he prime factors of (7*n)/(-3)*1?
7
Let w(p) = -p**3 - 3*p**2 + 3*p - 1. List the prime factors of w(-5).
2, 17
Let n(w) = -w**3 + 8*w**2 + 14*w - 12. Let k be n(9). Suppose -2*c - k = -5*c. Suppose 0 = -h - 0*h - t + c, 0 = h - 3*t + 9. What are the prime factors of h?
2, 3
Suppose -3*g + 15 = -0*g, -3*c + 4*g = 14. Suppose c*h = -0*h + 24. What are the prime factors of h?
2, 3
Let s = -651 + 396. List the prime factors of (-3)/(-12) - s/20.
13
Let b = 8 - 5. Let r be -23*(-1)/(b/3). Suppose h = -2*h + 2*m + 27, r = h + 4*m. List the prime factors of h.
11
Let k = -4 - -8. Let l = 4 - 5. Let f = k + l. What are the prime factors of f?
3
Let b be ((-15)/4)/((-3)/12). Let d = -11 + b. Suppose -d*y + s + 12 = -2*y, 5*y + 3*s - 30 = 0. List the prime factors of y.
2, 3
Let s(n) = 4*n**2 - 1 - 5*n**2 + n - 5. Let r be s(0). List the prime factors of -2*(0 - (-15)/r).
5
Let b(c) = 2*c**3 + 2*c**2 - 1. Suppose 5*p - 1 = 4*p. What are the prime factors of b(p)?
3
Let f(j) = -7*j + 1. Let l be 0*(3 + -2) - -1. Let d be f(l). Let a = d - -18. List the prime factors of a.
2, 3
Let y = 4 - 1. Let n(z) = z**3 + 3*z + 2*z + 3 - 3*z**2 - 4*z + z. List the prime factors of n(y).
3
Let w(x) = 40*x**2. Let n be w(-1). Suppose 2*j - 5 = -1. Suppose 3*a - i - 25 = 0, -5*a + j*i + n = -0*i. List the prime factors of a.
2, 5
Let n(d) = d**2 - 6*d. Let x be n(6). Suppose -u + 2*i + 0*i = -17, x = -3*i - 9. Suppose 0 = -2*k + u - 1. List the prime factors of k.
5
Let u = 6 - 5. List the prime factors of (-1)/(-2*u/26).
13
Suppose 5*r - 6*r + 4 = 0. Suppose 4*v + 8 = 0, -r + 3 = -y - 5*v. What are the prime factors of y?
11
Let b(n) = -2*n - 14. Let h be b(-10). What are the prime factors of h/1 + (-8 - -5)?
3
Suppose 755 = 8*o - 101. What are the prime factors of o?
107
Suppose -5*d = 312 - 57. Let o = d - -71. List the prime factors of o.
2, 5
Let b(y) = -y**2 + 3*y + 2. Let c(o) = 3*o**2 - 8*o - 5. Let h(i) = 11*b(i) + 4*c(i). Let x be h(-2). Suppose x*a - 30 = -a. List the prime factors of a.
2, 3
Suppose 382 - 12 = 5*a. What are the prime factors of a?
2, 37
Suppose -16 = 3*l - 4. Let o = l - -2. What are the prime factors of 2 - (-1 + -2 - o)?
3
Let j = 5 - 5. Let r = j - 0. Suppose -2*g + r*w - 3*w + 50 = 0, 0 = -5*g + 5*w + 75. List the prime factors of g.
19
Let x(c) = -c**2 + 7. Let r be x(5). List the prime factors of (-104)/r - 2/(-9).
2, 3
Suppose 0 = -2*j - 43 + 117. What are the prime factors of j?
37
Let f(r) = 29*r + 7. Let k be f(7). What are the prime factors of 2/3 + k/9?
2, 3
Let d(a) = -a**2 + a. Let i(j) = -j**3 - 9*j**2 + 7*j - 3. Let n(q) = 5*d(q) - i(q). What are the prime factors of n(-4)?
11
What are the prime factors of ((-4)/(-6))/((-12)/(-432))?
2, 3
Suppose -j + 2*j = 0. Suppose 6*r - 140 = 2*r + d, -5*d = j. Let c = -24 + r. List the prime factors of c.
11
Let q = -183 + 285. What are the prime factors of q?
2, 3, 17
Suppose -p = -6*p + 5. Let d(i) = 11*i**2. List the prime factors of d(p).
11
Let f = 27 - 19. Let q = -3 - -3. Let z = f - q. List the prime factors of z.
2
Suppose 0 = q + q - 10. Let y(j) = j - q*j + j. List the prime factors of y(-4).
2, 3
Suppose 0*p = -4*p + 128. What are the prime factors of p?
2
Suppose 3*q + 3 = c - 2*q, 7 = -4*c + q. Let j(a) = -a + 2. Let u be j(c). Suppose 1 = u*m - 7. What are the prime factors of m?
2
Let h(l) = 17*l - 7. List the prime factors of h(4).
61
Let j(w) = 5*w - 8. Let o be j(6). Suppose -o = -2*t - 3*q - q, 2*t = 2*q + 34. What are the prime factors of t?
3, 5
Let w = 68 - 53. List the prime factors of w.
3, 5
Let d(h) be the second derivative of h**4/3 - h**3/6 - 3*h. List the prime factors of d(3).
3, 11
Suppose 18 = -4*k - 6. Let n be (-2)/k + (-46)/3. What are the prime factors of ((-3)/5)/(1/n)?
3
Let l be -75*4/(12/(-3)). Let b = l + -48. List the prime factors of b.
3
Suppose -l + 5*s = -5*l + 24, 5*l + 3*s - 17 = 0. Suppose 0 = -q - 0*q + l. What are the prime factors of 0 + q + 4 + -3?
2
Let n = -50 + 217. List the prime factors of n.
167
Let g(s) = 2*s - 5. Let o be g(5). Suppose v = o*v - 36. Let p = -5 + v. What are the prime factors of p?
2
Suppose 4*c - 148 = -0*c - 3*j, 0 = 2*c + 4*j - 74. List the prime factors of c.
37
Let s = -113 - -220. What are the prime factors of s?
107
Let k(u) = u - 8. Let y be k(8). Suppose -2*b + b + 15 = y. List the prime factors of b.
3, 5
Suppose 0 = -4*r + 2*j + 256 + 278, 5*j - 249 = -2*r. List the prime factors of r.
2, 3, 11
List the prime factors of 466/6 - (-12)/36.
2, 3, 13
Let s = 473 + -327. What are the prime factors of s?
2, 73
Let v(q) = q**2 - 7*q + 6. Let m be v(7). Let n(c) = 2*c. Let h(i) = -2*i. Let j(y) = -6*h(y) - 5*n(y). List the prime factors of j(m).
2, 3
Suppose 8 = -4*d, 10 = 3*s + 2*s - 5*d. Suppose s = -3*x + 15 - 3. List the prime factors of x.
2
Suppose 44 = 4*g - q + 11, -20 = -3*g - 4*q. Let o = g + -6. Suppose 4*u - 3*h - 42 = 1, -58 = -4*u - o*h. What are the prime factors of u?
13
Suppose 0 = -11*f + 9*f + 236. What are the prime factors of f?
2, 59
Suppose 6*a - 222 = 3*a. What are the prime factors of a?
2, 37
What are the prime factors of 20/(-3)*(-6)/2?
2, 5
Let w = 16 - 9. Suppose d - w = -0. Suppose -2*x + x = -d. List the prime factors of x.
7
List the prime factors of 2/5 + (-486)/(-10).
7
Let q = -37 + 70. What are the prime factors of q?
3, 11
Let s = 4 - 1. Let a = s + -6. What are the prime factors of 22/(2/(-3)*a)?
11
Let w be 1 + 0 + 0 + -17. Suppose 0 = -3*z + 4*z + 7. Let f = z - w. List the prime factors of f.
3
Suppose 12*v - 10*v = 456. What are the prime factors of v?
2, 3, 19
Suppose 5*l = 6*l - 27. What are the prime factors of l?
3
Let v = 19 + -12. Let b(t) = -9 + t**2 - 6*t + v - 2*t**2. List the prime factors of b(-4).
2, 3
Let m = -11 + 31. What are the prime factors of m?
2, 5
Suppose -11*i - 258 = -12*i. List the prime factors of i.
2, 3, 43
Let l(w) = w - 2*w + w - 2*w + 6. Let r be l(6). What are the prime factors of 12*(2 - r/(-4))?
2, 3
Suppose 0 = -2*r + 11 - 1. Suppose 3*k - 12 = 0, h - 4*k = -h + 20. Suppose r*b - 12 = h. List the prime factors of b.
2, 3
Let y(u) = 3*u + 4*u**2 - 3*u + 0*u - 1. What are the prime factors of y(1)?
3
Suppose -3*z = 3*i + 4 - 1, 4*z = -2*i + 2. List the prime factors of i/9*0 - -2.
2
Suppose -2*i = -7 - 7. Suppose -4*w = i + 17. List the prime factors of (4 - 0) + (w - -4).
2
Let g = -9 + 9. Suppose g*w = 3*w + 30. List the prime factors of 4/w - 328/(-20).
2
Let w(c) = -c**3 + c**2 + c - 2. What are the prime factors of w(-3)?
31
Suppose 437 = 9*s - 643. List the prime factors of s.
2, 3, 5
What are the prime factors of (2 + 1)/(-3)*-53 + -1?
2, 13
Let d = -71 + 158. List the prime factors of (-2)/3 + d/9.
3
Suppose -2*o + 10 = 4. Suppose -o*a + 3 = -9, 4*r - 52 = -2*a. List the prime factors of r.
11
Suppose 4*b - 125 = -h, h - 56 - 99 = -5*b. List the prime factors of b/(-4)*-2 - 0.
3, 5
Suppose s = 5*q + 276, 2*q + 733 = 3*s + 6*q. List the prime factors of s.
251
Let c = -112 + 147. List the prime factors of c.
5, 7
Let q(a) = a**2 + 3*a + 52. What are the prime factors of q(0)?
2, 13
Suppose 3*r - 2 = 4. Let i be r - -3 - (1 + -2). Suppose -4*u = -30 - i. List the prime factors of u.
3
Let d(f) = f**3 + 6*f**2 + 4*f + 2. Let m be d(-3). Let r = 34 - m. What are the prime factors of r?
17
Let v be 78/8*(-72)/(-27). Suppose 10 + v = 2*g. List the prime factors of g.
2, 3
Suppose 0 = -2*g - g - 6. Let a be (g/(-4))/(1/4). Suppose -5*j = -a*j - 18. List the prime factors of j.
2, 3
Let v be (12 - 3)/((-3)/(-12)). Suppose -2*x - 3*x + 25 = 0. Suppose -4*p + x*r - 1 = -p, -v = -2*p - 4*r. What are the prime factors of p?
2
Suppose -13*z + 11*z = -84. What are the prime factors of z?
2, 3, 7
Suppose 0 = -5*x - 2*h + 12 + 9, 3*h = -4*x + 21. Let p be 3/1 - x/1. Suppose p*b - 3*b + 57 = 0. List the prime factors of b.
19
Suppose 2*v - w = -14, w + 4 = 2*w. Let k = v - -37. List the prime factors of k.
2
Let f(w) = w**3 - 5*w**2 - 5*w - 4. Let b be f(6). Suppose -2*c = 3*c + 10, b*i + 6 = -4*c. List the prime factors of i/4 + (-14)/(-8).
2
Let u(f) = -8*f + 5. Let m(i) = 8*i - 6. Let c(p) = -4*m(p) - 5*u(p). What are the prime factors of c(1)?
7
Suppose 5*d - 96 = d. What are the prime factors of ((-36)/(-10))/(d/80)?
2, 3
Let o be 2